-324741
In base 12, what is -669250 + -7?
-669257
In base 10, what is -4782 - -3625?
-1157
In base 16, what is -2 - cc864?
-cc866
In base 2, what is -1101101101111101001011001 - 110110?
-1101101101111101010001111
In base 2, what is 1000010110 - -1011010011100111000?
1011010100101001110
In base 13, what is -29b9 - 993?
-367c
In base 16, what is -18 - 114846?
-11485e
In base 5, what is 20 + 202402423?
202402443
In base 6, what is -1351 + -413145?
-414540
In base 2, what is 111001001101110 - -1000100001000?
1000001101110110
In base 12, what is 0 - -6a888?
6a888
In base 7, what is -16404151 - -5?
-16404143
In base 7, what is 56043 - 115013?
-25640
In base 12, what is 11a - b1637?
-b1519
In base 10, what is 3 + -10912156?
-10912153
In base 16, what is -122b4 + -e?
-122c2
In base 10, what is 50 - -1495025?
1495075
In base 13, what is 5850c + 5a?
58569
In base 8, what is -325643267 - -1?
-325643266
In base 5, what is -40111342230 + 10?
-40111342220
In base 10, what is -3779272 + -3?
-3779275
In base 12, what is 5832 - 2509?
3325
In base 2, what is -10000011110100010100010 - -11101?
-10000011110100010000101
In base 7, what is -63 + 41614125?
41614032
In base 15, what is 1e860 + 17db?
2114b
In base 11, what is -2 + 9418688?
9418686
In base 4, what is -3 + 130300102030?
130300102021
In base 9, what is 110731 - -54?
110785
In base 8, what is 2 - -12053063?
12053065
In base 11, what is 5 + 6a4414?
6a4419
In base 6, what is 1120532310 - 31?
1120532235
In base 13, what is 230726 + -2?
230724
In base 6, what is -12325554154 + -3?
-12325554201
In base 8, what is -1561316 + -74?
-1561412
In base 15, what is 66072 - -e8d?
67010
In base 3, what is -2212102100 - 120221?
-2220000021
In base 5, what is -23214220320 - 1?
-23214220321
In base 8, what is -14037026 + 4?
-14037022
In base 6, what is -4213212305 - -3?
-4213212302
In base 4, what is -1300 + 311011111?
311003211
In base 14, what is -7 - -86a0b?
86a04
In base 7, what is 10524 - -23661?
34515
In base 4, what is 33330303 - -321032?
100312001
In base 5, what is 30331212004 + -3?
30331212001
In base 2, what is -1110011001110010011001 + 100?
-1110011001110010010101
In base 12, what is 5383 - 1030?
4353
In base 16, what is -84a33 + 14?
-84a1f
In base 15, what is 30 + -1b850?
-1b820
In base 5, what is -2021141 + -333331?
-2410022
In base 7, what is 30464132 - 4?
30464125
In base 10, what is 54 + -186789?
-186735
In base 9, what is -142 + -827526?
-827668
In base 4, what is -2103212120 - -101?
-2103212013
In base 6, what is -2501 - 4120?
-11021
In base 3, what is -2000111010 - 20220000?
-2021101010
In base 4, what is -10 - 212103222111?
-212103222121
In base 15, what is 6 - -92a3d?
92a44
In base 16, what is 2f6c + -544?
2a28
In base 13, what is 574 + 10bb?
1662
In base 6, what is -10313054 + 321?
-10312333
In base 12, what is 37875 - -a8?
37961
In base 9, what is -226778 - -3420?
-223358
In base 14, what is -15b + 3d811?
3d694
In base 9, what is -6128 - -1177?
-4841
In base 13, what is -3971c + -506?
-39c25
In base 5, what is 31241 + -1304303?
-1223012
In base 14, what is -4a0 - -8c75?
87b5
In base 3, what is -1111001 + -1222121?
-10110122
In base 5, what is 31 - 1010444310?
-1010444224
In base 6, what is 1002154 - 112?
1002042
In base 8, what is 751777655 - -4?
751777661
In base 15, what is -1 - -58ec520?
58ec51e
In base 6, what is 2 - -3514323244?
3514323250
In base 14, what is 55 + 3a8a66?
3a8abb
In base 5, what is -331 - -1030323121?
1030322240
In base 11, what is 1754640 + 7?
1754647
In base 13, what is -3 + -120387?
-12038a
In base 3, what is 211200121221 + 110?
211200122101
In base 12, what is 1 - 887409?
-887408
In base 16, what is -4 + 216f644?
216f640
In base 16, what is -5cd8f - 6?
-5cd95
In base 15, what is -5 + -3c3b1e5?
-3c3b1ea
In base 8, what is -472726073 + -10?
-472726103
In base 3, what is -1212022 + -22101210?
-101021002
In base 2, what is 10 + 1110110010111010100100111?
1110110010111010100101001
In base 5, what is 11 + -203101301442?
-203101301431
In base 13, what is 91 - 647520?
-64745c
In base 13, what is -33c4 + 18a4?
-1820
In base 3, what is 21120101221 + 1?
21120101222
In base 9, what is -14674 + -58018?
-73703
In base 9, what is -70771 - 11234?
-82115
In base 10, what is 6 - -897450?
897456
In base 12, what is -695b620 - 4?
-695b624
In base 10, what is -78 - 599370?
-599448
In base 14, what is -4 + 256ba46?
256ba42
In base 6, what is 11431 - 445300?
-433425
In base 11, what is 8a04 + 2638?
10541
In base 8, what is -52401052 - 25?
-52401077
In base 7, what is 1533255505 - -4?
1533255512
In base 10, what is -1543 - -2922?
1379
In base 3, what is -200200102212 + 10222?
-200200021220
In base 6, what is -3 + -44052413?
-44052420
In base 15, what is 2 - -55a0?
55a2
In base 13, what is 280165 - 4?
280161
In base 10, what is 1232463 + 0?
1232463
In base 2, what is -1010111110001 - -1011110?
-1010110010011
In base 6, what is -31002 + -3413?
-34415
In base 7, what is 3 + -33614566?
-33614563
In base 12, what is -3 + -519aa4?
-519aa7
In base 15, what is -519 + -1ea?
-714
In base 10, what is 131946596 - 1?
131946595
In base 3, what is 1211 - -10001100002001?
10001100010212
In base 9, what is -7 - 713273?
-713281
In base 6, what is 33 - 14434523?
-14434450
In base 10, what is -7 - 4964352?
-4964359
In base 3, what is -1022020121110 - 1?
-1022020121111
In base 4, what is 303321 - -13132311?
20102232
In base 9, what is -2 - 561007?
-561010
In base 6, what is 2 + -3314442?
-3314440
In base 3, what is -2111 - 222211020220?
-222211100101
In base 15, what is 5 - -60dc4ed?
60dc503
In base 2, what is 0 + -11011101110001001000110110?
-11011101110001001000110110
In base 11, what is -14715 + 1929?
-12897
In base 10, what is -2 + -6580257?
-6580259
In base 12, what is 394a + -a40?
2b0a
In base 11, what is 264 + -20948?
-20694
In base 12, what is a05b85 - 83?
a05b02
In base 13, what is 3975b - 215?
39546
In base 6, what is 53015252 + -202?
53015050
In base 3, what is 11021 - -212000022?
212011120
In base 11, what is 4501 - 31a0?
1311
In base 14, what is 114494 - 1c1?
1142b3
In base 9, what is 402 + 333171?
333573
In base 14, what is 33d + -2c3?
5a
In base 5, what is 42 + 301132120?
301132212
In base 11, what is 17 + 9a3036?
9a3052
In base 15, what is -e034782 + -4?
-e034786
In base 10, what is -11626328 + 19?
-11626309
In base 16, what is a6 - -3da07?
3daad
In base 4, what is 23 + -11102221223?
-11102221200
In base 8, what is -315 + -14744405?
-14744722
In base 16, what is 4b032 - 3?
4b02f
In base 13, what is 24978cbb - 5?
24978cb6
In base 15, what is -d29ab + -2?
-d29ad
In base 8, what is -316 - 1515?
-2033
In base 14, what is 1 + 837b22?
837b23
In base 10, what is 0 + -7811343?
-7811343
In base 3, what is -12002212222 - -11012021?
-11221200201
In base 5, what is 12311423 - 4120?
12302303
In base 15, what is 3ad8a12 + 2?
3ad8a14
In base 8, what is 6535 + 4161?
12716
In base 16, what is 3e3 + 2b7ef?
2bbd2
In base 13, what is 10a73914 + -2?
10a73912
In base 5, what is -4 + -133430232?
-133430241
In base 16, what is 10ec683 - -2?
10ec685
In base 13, what is 276a + 27b27?
2a594
In base 16, what is 15b9c9 - 1e?
15b9ab
In base 14, what is 110387 + 50?
1103d7
In base 10, what is -11521 + -148?
-11669
In base 16, what is 9 + -1af03?
-1aefa
In base 11, what is 507a2440 + 13?
507a2453
In base 4, what is -3220012323113 + -20?
-3220012323133
In base 4, what is 13111111113110 + 1?
13111111113111
In base 8, what is -27 - 7357256?
-7357305
In base 2, what is 0 + -110000100100111000010010110?
-110000100100111000010010110
In base 11, what is 123874 + -1275?
1225aa
In base 10, what is -21148 + 857?
-20291
In base 5, what is 3414324 - 20200?
3344124
In base 16, what is 4c814 - -a?
4c81e
In base 13, what is a + -69a57?
-69a4a
In base 14, what is 0 + -10b66a3?
-10b66a3
In base 8, what is -5 - 10615503?
-10615510
In base 9, what is 1188 - -138655?
140854
In base 12, what is -5a02 - 24b?
-6051
In base 14, what is -7c64cb - -1?
-7c64ca
In base 3, what is -1 + 2111122200021012?
2111122200021011
In base 12, what is -240b7110 - -5?
-240b7107
In base 10, what is 27707 + 764?
28471
In base 14, what is -25 - -136acc9?
136aca4
In base 15, what is -2b - -19800?
197c4
In base 10, what is -160 - -10277?
10117
In base 13, what is -8b699 + -62